ose 5*x - s = 198. Let o = x + -117. What are the prime factors of o?
13
Suppose 4*r - 50 - 7 = u, -5*u - 251 = -3*r. Let v = u + 55. Suppose -v*q = 3*q - 522. What are the prime factors of q?
2, 29
Let c(n) = n - 24. Let x be c(-7). Let t = 39 + x. Suppose -s = -3*z + 406, -5*s = 4*z - t*s - 533. What are the prime factors of z?
137
Let d(b) = 940*b**2 - 67*b + 257. List the prime factors of d(4).
7, 19, 113
Let n(u) = -28*u - 27. Suppose 19*q = 17*q + 6. Suppose -2*j + q*o + 4 = 0, -o - 20 = 4*j - 0*o. What are the prime factors of n(j)?
5, 17
Suppose 0 = 68*m - 1496863 - 162473. What are the prime factors of m?
2, 3, 7, 83
What are the prime factors of (6 - (-4 + 45))*((-48680)/50 - -6)?
2, 7, 41, 59
Suppose 151920 = 252*o - 250*o. What are the prime factors of o?
2, 3, 5, 211
Let z(n) = 348*n**2 + 100*n - 348. List the prime factors of z(4).
2, 5, 281
What are the prime factors of -3*251/(-2)*(-136 - -150)?
3, 7, 251
Let s = -430 + 433. Let h(f) = -f**2 + 6*f. Let y be h(6). Suppose 0 = s*b + 3, -u - 2*b + 5*b + 124 = y. List the prime factors of u.
11
Suppose 4*a - 242904 = -g, -43*g + 39*g = -32. What are the prime factors of a?
2, 17, 19, 47
Let i = -4411 + 4718. What are the prime factors of i?
307
Suppose -j - 5*m + 156 = -4319, 3*j - 5*m = 13365. List the prime factors of j.
2, 5, 223
Suppose 134*z = 115*z + 73834. What are the prime factors of z?
2, 29, 67
Suppose 3*b + 0 = 2*h + 8, 14 = 5*h + b. Let l(j) = -4*j + 3*j**h - j + 19*j - 8*j + 13. What are the prime factors of l(-4)?
37
Suppose 283419 = 475*q - 448*q. List the prime factors of q.
3, 3499
Suppose -i - 101400 = -4*i - 11841. List the prime factors of i.
3, 31, 107
Let q be (-8)/(-2 - 2)*34/4. Suppose 13*u = 2*g + q*u - 164, -4*g - u + 356 = 0. List the prime factors of g.
2, 3, 5
Let v = -10138 + 12356. What are the prime factors of v?
2, 1109
Let j = 17165 + -4274. What are the prime factors of j?
3, 4297
Let m be (-22)/22*(0 + -2). Suppose -m*a = 6, z - 8*a + 5*a - 459 = 0. List the prime factors of z.
2, 3, 5
Let c(q) = 4*q - 1. Let w be c(2). Let v be 20/70*w*2. Suppose 4*d - v*t = 256, 2*d - 2*t = 3*d - 61. List the prime factors of d.
3, 7
Suppose -2*v - 666 + 431 = -3619. What are the prime factors of v?
2, 3, 47
Suppose 14*q - 16 - 12 = 0. Suppose t - 133 = -2*u, -t + q*u + 121 = u. Suppose -8 - t = -j. What are the prime factors of j?
7, 19
Let h(m) = m**2 - 33*m - 164. Let g(q) = 32*q - 87. Let b be g(4). What are the prime factors of h(b)?
2, 41
Let v(n) = 19*n - 34. Let b be v(2). Suppose b*m = x - 24, 5*m = 17 - 2. What are the prime factors of x?
2, 3
Let i(v) be the third derivative of -v**6/120 + 2*v**5/15 + v**4/3 - v**3/6 + 2*v**2. Let t be (-11)/22 - 34/(-4). What are the prime factors of i(t)?
3, 7
Suppose 3*o - 4*w + 3 = 24, -5*o = 5*w. Let t(i) = 14*i**2 + 7*i - 2. Let r be t(o). Let v = r + -74. What are the prime factors of v?
71
Let d(g) = -g**3 + 4*g**2 + 11*g - 9. Let z be d(6). Let a be 2*9/(-10)*25/z. Suppose -3*l + 2*f - a + 862 = 0, f + 1441 = 5*l. What are the prime factors of l?
17
Let i(c) = 35*c - 15. Let m be i(-20). Let u = 1197 + m. What are the prime factors of u?
2, 241
Suppose -80286 = 23*m - 29*m. Suppose -25*x + m + 2219 = 0. List the prime factors of x.
2, 3, 13
Suppose -2*x - 7*k + 2*k = 8, -2*x = -2*k - 6. List the prime factors of (x - 213)/(1/(-2)).
2, 53
Suppose 2*y - 7649 + 2473 = 0. What are the prime factors of y?
2, 647
Let t(j) = -7*j**3 + 7*j**2 + 34*j + 5. Let s be t(-6). Let v = -941 + s. What are the prime factors of v?
2, 3, 13
Suppose 159 = 12*k + 975. Let q = 3 + -40. Let p = q - k. What are the prime factors of p?
31
Suppose 316*p + 140 = 320*p. Let g(w) = -w**3 + 35*w**2 + 42*w - 74. List the prime factors of g(p).
2, 349
Let a = 2752 - 1015. What are the prime factors of a?
3, 193
Let l = 8524 - 5078. What are the prime factors of l?
2, 1723
Let n = 95229 + -61248. What are the prime factors of n?
3, 47, 241
Let o be 15/(-10)*(2 - 6). Suppose 13*l = o*l + 5733. Suppose -552 = -3*w + b, -2*b - l - 101 = -5*w. What are the prime factors of w?
2, 23
Suppose 0 = 8*c - 2810 + 898. List the prime factors of c + 0 + 3 + -4.
2, 7, 17
Suppose x + 10 = -4*x, 3*a + 228 = -3*x. List the prime factors of (-656)/(-5)*(-740)/a.
2, 41
Let z be (-2 - 0)/(6/(-126)). Let v = 38 - z. What are the prime factors of 3 + 8 + v + 65?
2, 3
Let l = -58 - -62. Suppose -3*j + 8 = -l*j + 5*a, -4*a = 3*j - 14. Suppose -4*x = -j*p - 152, -2*x = -3*x - 5*p + 27. What are the prime factors of x?
37
Let r(y) = y**3 + 9*y**2 - 14*y - 8. Let m be r(-6). Let i(v) = 12*v**3 + 3*v**2 + 2*v + 3. Let s be i(-2). Let u = s + m. What are the prime factors of u?
3, 11
Suppose 10*j = 158 + 112. Suppose 0 = j*x - 7*x - 13620. List the prime factors of x.
3, 227
Suppose -968834 = -251*p + 7419084. What are the prime factors of p?
2, 7, 11, 31
Let x = 16411 - 6566. List the prime factors of x.
5, 11, 179
Let j be 2/(-6) - 39/(-9). Let y be (-48)/14 + (-14 - 658/(-49)) - -11. Suppose -y*d = -3*g - 3*d + 107, -d = -j. List the prime factors of g.
41
Suppose 57*s + 889850 = 122*s. What are the prime factors of s?
2, 5, 37
What are the prime factors of (-3*532/24)/(5/(-390)*3)?
7, 13, 19
Let r(c) = -21*c - 11. Let a(g) be the first derivative of g**3/3 - 6*g**2 + 16*g + 9. Let v be a(3). What are the prime factors of r(v)?
2, 5, 11
Let y = 184 - -236. Suppose 3*w + 469 = -5*r, -5*w - 335 = 3*r + y. Let i = w + 243. What are the prime factors of i?
5, 19
Let g = 10138 + -1570. Suppose g = 4*h + 20*h. What are the prime factors of h?
3, 7, 17
Let l = 236 - 407. Let m(o) = -108*o. Let f be m(-3). Let y = f + l. What are the prime factors of y?
3, 17
Let c be (-1)/(5/40) + (-6)/3. Let s(b) = -28*b + 3. Let z be s(c). Suppose 9*a - z = 374. What are the prime factors of a?
73
Let r(b) = -4*b**3 + 7*b**2 + b - 106. List the prime factors of r(-11).
2, 3, 1009
Let f(r) = 18*r**3 - r**2 + 4*r + 9. Let x(p) = p**2 + 5*p - 11. Let y be x(-7). List the prime factors of f(y).
2, 3, 83
Suppose 72 = 20*l - 11*l. Suppose 0 = 2*m - 2*f - 2454, -l*f = 4*m - 9*f - 4923. List the prime factors of m.
2, 7, 11
Let q be 85/25 + 3/5. Suppose 3*a + t - q = 7, -5*a = 2*t - 19. Suppose 0 = a*o + l - 583, -3*l - 953 = 3*o - 8*o. What are the prime factors of o?
193
Let g = 8953 + -4958. Suppose -12*j = -541 - g. List the prime factors of j.
2, 3, 7
Suppose -202*m + 195*m + 23450 = 0. Suppose -7*r + 3356 = -m. What are the prime factors of r?
2, 479
List the prime factors of (-6)/(-16) - (13/52 - (-41399)/(-8)).
3, 5, 23
Let g(f) = f**3 + 16*f**2 + f - 2. Let d be g(-16). Let o be -60*10/d*-6. Let r = o - -309. What are the prime factors of r?
109
Suppose 5*h - 24089 = -4*w, -5*w = -2*h - 3*w + 9650. List the prime factors of h.
3, 1607
Let j be (-42*(-4)/(-16))/(6/8). List the prime factors of 751 + 7/(j/12).
5, 149
Suppose 9*u + 24 = 3*u. Let c be 1/u + 20/(-64)*-20. Suppose c*p - 166 = 110. List the prime factors of p.
2, 23
Suppose -3*k = -14 - 10. Let r(c) = 1 + 5 - 8*c**3 - 2*c**2 + k*c - 1 + 0. What are the prime factors of r(-3)?
179
Let l(q) be the third derivative of -21*q**6/40 + q**5/30 - q**4/8 - 4*q**3/3 - 16*q**2. What are the prime factors of l(-2)?
2, 3, 5, 17
Let y(h) = 244*h**2 + 60*h + 152. What are the prime factors of y(-10)?
2, 3, 499
Let c = 34689 + -20291. What are the prime factors of c?
2, 23, 313
Let j = 141 - 93. Suppose 53*m = j*m + 1005. What are the prime factors of m?
3, 67
Let q = 126 - -1984. List the prime factors of q.
2, 5, 211
List the prime factors of 10210 - 0 - 5/(2 - 3).
3, 5, 227
Let d(m) = -2 - 22 + 4*m - 1 + 26 + 238*m**2. What are the prime factors of d(-1)?
5, 47
Suppose 2*x - 5*x = -6. Suppose -2*v - 9*z + 19 = -14*z, -5*v = z - 7. Suppose 0 = -v*h - 2*y + 40, -4*h = x*y + y - 76. What are the prime factors of h?
2
Let d = -12739 - -33372. List the prime factors of d.
47, 439
Suppose t = 4*t, 2*y + 3*t - 26 = 0. Suppose -y*r + 10*r = 0. Suppose r = -n + 2*z + 6, 2*n + 3*n = -z + 74. What are the prime factors of n?
2, 7
Let l be (42/(-18) + 4)/((-2)/(-6)). Suppose -x - 5 = 0, -l*x - 22 = -p + 13. Suppose p*r = 9*r + 62. What are the prime factors of r?
2, 31
Let x(r) = -7*r**2 - 3*r + 1. Let s be x(-4). Let a be (0 - 8/20)/(14/2030). L